 and 1582318?
2
Calculate the greatest common divisor of 832 and 50024.
104
Calculate the greatest common factor of 56164499 and 16630.
1663
What is the greatest common divisor of 2385 and 995711?
53
What is the greatest common divisor of 84451791 and 138?
69
What is the greatest common factor of 599343993 and 34?
17
What is the highest common factor of 142176 and 5856?
96
Calculate the highest common divisor of 535253504 and 3028.
3028
Calculate the greatest common divisor of 3234 and 1822722.
66
What is the highest common factor of 5956635 and 402?
201
What is the highest common factor of 299838293 and 7773?
2591
Calculate the highest common factor of 119674 and 32171.
53
What is the greatest common divisor of 336930015 and 4175?
835
Calculate the highest common factor of 137505 and 1403085.
1335
Calculate the highest common factor of 320 and 184504.
8
Calculate the highest common divisor of 258261 and 81716.
31
Calculate the highest common divisor of 4488 and 5041212.
132
Calculate the highest common factor of 6246 and 1268415.
9
What is the greatest common factor of 14523380 and 840?
20
What is the highest common factor of 718 and 2048454?
718
What is the highest common factor of 926 and 125288726?
926
Calculate the greatest common factor of 2789735 and 8481.
257
What is the greatest common divisor of 3189 and 59322841?
1063
What is the greatest common divisor of 738920543 and 59?
59
What is the highest common divisor of 4979340 and 12420?
540
Calculate the greatest common factor of 1200362 and 3914.
206
What is the greatest common factor of 2410506 and 270?
54
Calculate the greatest common divisor of 48998328 and 4266.
474
What is the highest common factor of 18202 and 2317402?
958
What is the highest common factor of 86744610 and 120?
30
What is the highest common divisor of 6075 and 52860600?
2025
Calculate the highest common divisor of 4370948 and 14600.
292
Calculate the highest common divisor of 4215213 and 2187.
27
Calculate the greatest common divisor of 87254 and 121.
1
Calculate the highest common factor of 300 and 40148700.
300
What is the highest common divisor of 510 and 9822430?
170
What is the highest common divisor of 58375 and 6345596?
467
What is the highest common factor of 53385363 and 954?
477
Calculate the highest common factor of 150 and 55105500.
150
What is the greatest common factor of 9756 and 818?
2
Calculate the highest common divisor of 2413 and 2443647.
19
Calculate the highest common divisor of 292227654 and 408.
102
Calculate the greatest common divisor of 63 and 35777997.
9
What is the highest common factor of 238416 and 816?
48
Calculate the highest common divisor of 38863 and 11572.
11
Calculate the greatest common divisor of 2477790 and 8190.
630
Calculate the highest common factor of 177793 and 1351.
7
What is the highest common divisor of 72 and 15167388?
12
Calculate the greatest common factor of 43043727 and 123.
123
Calculate the greatest common divisor of 1101675 and 224775.
2775
Calculate the highest common divisor of 116 and 40580.
4
What is the greatest common factor of 9494766 and 108?
54
What is the greatest common divisor of 82758347 and 11109?
3703
Calculate the highest common factor of 130 and 10913390.
10
Calculate the highest common divisor of 45 and 31911675.
15
What is the highest common factor of 83889890 and 20?
10
What is the greatest common divisor of 118 and 28396523?
59
Calculate the greatest common divisor of 17834170 and 60847.
857
What is the highest common divisor of 532336624 and 16?
16
What is the highest common factor of 97807 and 71299?
47
Calculate the highest common divisor of 39177 and 187340061.
4353
What is the greatest common divisor of 339155490 and 30?
30
Calculate the highest common factor of 641730 and 2355.
15
What is the greatest common divisor of 9930 and 12290?
10
Calculate the highest common factor of 4554 and 51177346.
506
What is the highest common divisor of 4641714 and 99297?
1683
Calculate the highest common factor of 369 and 2285545.
41
Calculate the highest common divisor of 172818198 and 369.
369
What is the greatest common factor of 67900 and 405300?
700
What is the greatest common divisor of 875331 and 126?
9
What is the greatest common factor of 4762421 and 165731?
3127
Calculate the highest common divisor of 16068 and 2087088.
12
Calculate the greatest common factor of 39 and 4017729651.
39
Calculate the highest common divisor of 434747574 and 25965.
5193
Calculate the greatest common divisor of 18 and 1058258.
2
Calculate the highest common factor of 4 and 11457949.
1
Calculate the highest common factor of 34047 and 204633.
351
Calculate the highest common factor of 3350 and 6365134.
134
Calculate the highest common factor of 20 and 4149788.
4
What is the highest common factor of 3826975 and 177425?
1175
Calculate the highest common divisor of 4938 and 397020.
6
Calculate the greatest common factor of 4097930 and 187765.
235
Calculate the highest common factor of 14323980 and 690.
30
Calculate the highest common factor of 1465 and 337460.
5
Calculate the highest common divisor of 768 and 367956192.
96
What is the highest common divisor of 67977720 and 40?
40
What is the greatest common divisor of 108790842 and 124?
62
What is the greatest common factor of 192171 and 9597?
21
Calculate the highest common divisor of 2451069 and 243.
9
Calculate the greatest common factor of 1132 and 114860644.
1132
Calculate the greatest common factor of 9044 and 233716.
476
What is the greatest common divisor of 27291 and 35442?
33
Calculate the highest common divisor of 537 and 578769471.
537
What is the highest common factor of 1311 and 5964537?
57
Calculate the greatest common factor of 240229 and 979.
11
Calculate the greatest common factor of 719 and 230.
1
What is the highest common divisor of 33794307 and 36?
9
Calculate the highest common divisor of 87756 and 67308.
852
Calculate the highest common divisor of 982733 and 13961.
607
Calculate the highest common divisor of 6454 and 37394.
14
What is the greatest common divisor of 52589655 and 2225?
445
What is the highest common divisor of 140395680 and 138?
138
Calculate the highest common factor of 44506 and 5827437.
77
Calculate the greatest common divisor of 36224 and 7627982.
566
What is the highest common factor of 360238 and 173942?
58
What is the highest common factor of 1931049 and 1305?
9
Calculate the highest common divisor of 357291 and 2267254.
4411
Calculate the greatest common divisor of 196 and 3641204.
28
What is the greatest common divisor of 1116732 and 3132?
348
What is the highest common divisor of 2975 and 333025?
175
Calculate the highest common divisor of 2164669 and 9125.
73
What is the highest common factor of 94502768 and 160?
16
What is the highest common divisor of 43493 and 21533?
61
Calculate the highest common divisor of 37 and 69301296.
37
Calculate the highest common factor of 156 and 1443588.
12
Calculate the greatest common divisor of 7315 and 1430396.
209
Calculate the highest common divisor of 112532 and 65072.
28
Calculate the highest common divisor of 430430 and 1759560.
4730
Calculate the greatest common divisor of 2702580 and 20.
20
Calculate the highest common factor of 2500 and 41807500.
2500
Calculate the highest common divisor of 1942369 and 1617176.
8789
Calculate the greatest common divisor of 75887456 and 80.
16
What is the greatest common factor of 6155 and 84500764?
1231
Calculate the greatest common factor of 99656 and 416.
8
What is the highest common factor of 18564 and 390702?
78
Calculate the greatest common factor of 146 and 302212.
2
Calculate the highest common factor of 588 and 203400078.
294
Calculate the greatest common divisor of 280 and 5582920.
280
Calculate the highest common divisor of 754 and 14373125.
377
What is the highest common factor of 436 and 524308?
4
Calculate the greatest common factor of 1696 and 907184.
16
Calculate the greatest common factor of 986504 and 63083.
317
Calculate the highest common divisor of 1071 and 91077336.
63
What is the highest common divisor of 47502988 and 78?
26
What is the greatest common divisor of 199872 and 4584?
24
What is the highest common factor of 28 and 18684526?
14
What is the greatest com